Is 10377793 a composite number?
False
Is 114351119 prime?
True
Is 144558199 a prime number?
True
Is 12941293 a composite number?
False
Is 925789 a composite number?
False
Is 6830833 prime?
True
Is 24317 a prime number?
True
Is 5313353 prime?
True
Is 11210459 prime?
False
Is 1896527 composite?
False
Is 54753091 a composite number?
False
Is 2544667 prime?
False
Is 2631743 prime?
True
Is 32700991 a composite number?
True
Is 2486031 composite?
True
Is 10944391 composite?
False
Is 393663 composite?
True
Is 749339 prime?
True
Is 1711837 a composite number?
True
Is 648348287 a composite number?
False
Is 1611154469 composite?
False
Is 2258677 prime?
False
Is 19308137 a composite number?
False
Is 484115 prime?
False
Is 54856951 a composite number?
True
Is 99205657 composite?
False
Is 380879 a prime number?
True
Is 32350589 prime?
True
Is 25561541 a composite number?
False
Is 102254401 a prime number?
False
Is 73391897 a composite number?
False
Is 97238267 a composite number?
True
Is 58357091 composite?
True
Is 30151361 composite?
True
Is 590489 a prime number?
True
Is 35528893 composite?
True
Is 9070031 prime?
False
Is 2809199 a composite number?
True
Is 4146313 prime?
False
Is 26494457 a composite number?
True
Is 172661 composite?
True
Is 232255301 a prime number?
True
Is 2940331 composite?
True
Is 737995003 composite?
False
Is 30082281 a composite number?
True
Is 2769394 a composite number?
True
Is 5118013 composite?
False
Is 14240263 prime?
False
Is 219985343 a prime number?
False
Is 151664003 composite?
False
Is 11765563 prime?
True
Is 8520793 a composite number?
False
Is 429271 prime?
True
Is 1507521 a composite number?
True
Is 146314133 prime?
False
Is 15630611 a composite number?
False
Is 11145007 a composite number?
False
Is 9964767 prime?
False
Is 20507693 composite?
False
Is 386273789 a prime number?
False
Is 2239249 prime?
False
Is 10802951 a composite number?
False
Is 104449 prime?
False
Is 17805241 prime?
False
Is 62964527 a composite number?
False
Is 2407117 a prime number?
True
Is 1916351 prime?
True
Is 543877331 composite?
False
Is 12929419 a prime number?
True
Is 332099 composite?
False
Is 658681 a prime number?
True
Is 1494343 composite?
False
Is 1147781 composite?
True
Is 284526643 a prime number?
True
Is 3556877 composite?
False
Is 37241579 a composite number?
False
Is 18077503 a composite number?
False
Is 8688133 a prime number?
True
Is 172069669 a prime number?
True
Is 98801 a prime number?
True
Is 20100941 prime?
False
Is 1415017 a prime number?
False
Is 20828779 a composite number?
True
Is 65635067 a composite number?
False
Is 3081577 composite?
False
Is 31596937 a prime number?
False
Is 4127 composite?
False
Is 3917989 prime?
True
Is 659241781 composite?
True
Is 11360197 composite?
False
Is 19688849 composite?
True
Is 372887 prime?
False
Is 27198841 composite?
False
Is 1356899 prime?
True
Is 6485893 prime?
False
Is 321063 a prime number?
False
Is 12700126 prime?
False
Is 7373761 composite?
True
Is 2884879 a composite number?
True
Is 4111717 a prime number?
True
Is 20818813 prime?
False
Is 72216691 prime?
True
Is 1607547 prime?
False
Is 36573299 prime?
False
Is 26630423 a prime number?
False
Is 2198143 a composite number?
True
Is 192623 composite?
True
Is 658547 prime?
True
Is 14104021 a prime number?
True
Is 634009 prime?
False
Is 135212431 composite?
False
Is 8641559 prime?
False
Is 14781367 prime?
False
Is 34239337 a composite number?
True
Is 2020753 composite?
True
Is 2275729 composite?
True
Is 58819949 a prime number?
False
Is 1274447 composite?
True
Is 24083491 composite?
True
Is 3045041 composite?
False
Is 3875537 a prime number?
True
Is 60054367 a prime number?
False
Is 31402789 prime?
False
Is 36834601 a prime number?
False
Is 333374971 a composite number?
False
Is 662019 a prime number?
False
Is 42386811 a prime number?
False
Is 14366089 a prime number?
True
Is 2783615 composite?
True
Is 6697081 prime?
True
Is 8171153 composite?
False
Is 30361 a composite number?
True
Is 4190083 a composite number?
False
Is 41156281 prime?
False
Is 1425391 composite?
True
Is 41974999 composite?
True
Is 3559667 composite?
True
Is 25069063 composite?
False
Is 123938921 prime?
False
Is 140931341 a composite number?
True
Is 5511229 composite?
True
Is 13075589 prime?
True
Is 26223661 a prime number?
True
Is 2974219 prime?
True
Is 16532231 a composite number?
False
Is 730097 a prime number?
False
Is 10228507 a prime number?
False
Is 7557541 a prime number?
True
Is 9530617 a composite number?
False
Is 107101453 composite?
False
Is 176985013 prime?
True
Is 6846458 a composite number?
True
Is 796519 a composite number?
True
Is 12732113 a composite number?
False
Is 73911031 composite?
False
Is 3744131 a prime number?
False
Is 416761 prime?
True
Is 1732583 a composite number?
True
Is 539389 prime?
True
Is 37834919 a composite number?
False
Is 1117349 prime?
True
Is 1518997 a prime number?
False
Is 22133999 prime?
True
Is 38126759 prime?
False
Is 98975659 a prime number?
True
Is 7189257 prime?
False
Is 16026727 composite?
False
Is 846457 a composite number?
False
Is 1528319 prime?
False
Is 7293217 a prime number?
True
Is 3481157 a composite number?
False
Is 15915539 a prime number?
True
Is 7129781 a composite number?
False
Is 11313019 a prime number?
False
Is 2127553 prime?
True
Is 19784497 a composite number?
True
Is 9109109 a composite number?
False
Is 122473838 composite?
True
Is 433291 prime?
True
Is 600408101 a composite number?
False
Is 3543839 a composite number?
True
Is 43451047 a composite number?
True
Is 31151347 a prime number?
True
Is 577634 prime?
False
Is 58379249 prime?
True
Is 71441467 composite?
False
Is 691787 composite?
False
Is 42584081 prime?
False
Is 115963531 composite?
False
Is 362569 a composite number?
False
Is 240790763 a composite number?
True
Is 51210179 prime?
True
Is 130254287 prime?
True
Is 72185699 prime?
True
Is 268517911 a prime number?
False
Is 114377999 a prime number?
True
Is 1021417 composite?
False
Is 90436903 a composite number?
True
Is 1173967 composite?
True
Is 125115659 prime?
False
Is 2060327 composite?
False
Is 4821871 prime?
False
Is 12837463 a prime number?
True
Is 2243663 prime?
True
Is 91885831 a prime number?
False
Is 301052107 a composite number?
True
Is 770509 a composite number?
True
Is 7580483 a prime number?
True
Is 3013259 a prime number?
True
Is 10355473 prime?
True
Is 163852111 prime?
False
Is 17540239 a composite number?
True
Is 498889 prime?
False
Is 4438759 prime?
False
Is 16885159 a composite number?
False
Is 226387 a composite number?
True
Is 76289867 a composite number?
False
Is 849792106 composite?
True
Is 253781111 a prime number?
True
Is 2718743 a composite number?
False
Is 4300181 prime?
True
Is 131534503 composite?
False
Is 754811 a composite number?
False
Is 67918789 a composite number?
False
Is 526349 composite?
True
Is 1026605189 a prime number?
True
Is 4137607 a composite number?
False
Is 6788323 composite?
False
Is 207460739 a prime number?
False
Is 9674047 composite?
True
Is 7876247 a composite number?
False
Is 1244083 a composite number?
False
Is 5496663 composite?
True
Is 879061 a composite number?
False
Is 4103263 a prime number?
False
Is 34081739 prime?
False
Is 13595669 a composite number?
False
Is 4207837 prime?
True
Is 73128589 a prime number?
True
Is 18617 composite?
False
Is 13990138 a prime number?
False
Is 41278571 composite?
True
Is 97283029 a composite number?
False
Is 28979647 composite?
False
Is 38553171 prime?
False
Is 31345519 a prime number?
False
Is 76495603 a prime number?
True
Is 17835457 a composite number?
False
Is 55735054 a composite number?
True
Is 34607465 a composite number?
True
Is 465262207 a composite number?
False
Is 3990341 prime?
False
Is 28505537 a composite number?
True
Is 24400811 prime?
False
Is 51953399 composite?
False
Is 6086423 a prime number?
False
Is 3165427 a prime number?
True
Is 71966743 composite?
False
Is 1391029 composite?
False
Is 4127395 a prime number?
False
Is 22426123 a composite number?
False
Is 13444787 a composite number?
True
Is 41958349 a prime number?
False
Is 876041 composite?
False
Is 20300197 a prime number?
False
Is 1177772263 a prime number?
False
Is 994463 composite?
True
Is 144325813 a prime number?
T